ultiple of 3?
True
Is 1035223262 a multiple of 463?
False
Is 271 a factor of 405207330?
True
Is 3 a factor of 20864770?
False
Is 9932260 a multiple of 1043?
False
Does 8 divide 145644664?
True
Is 106 a factor of 1193680917?
False
Is 279046438 a multiple of 1238?
True
Does 50 divide 159768247?
False
Does 34 divide 61963766?
False
Is 11 a factor of 67980473?
True
Is 684965221 a multiple of 44?
False
Is 479327175 a multiple of 75?
True
Does 408 divide 8252616?
True
Is 17662025 a multiple of 61?
False
Is 1099871678 a multiple of 59?
False
Does 6402 divide 485399640?
True
Does 116 divide 44137884?
True
Does 53 divide 2302258821?
False
Is 1043015 a multiple of 17?
False
Is 936 a factor of 614464344?
True
Does 280 divide 9707402?
False
Is 17870510 a multiple of 8?
False
Is 4322 a factor of 34304266?
False
Does 12 divide 141300583?
False
Does 1352 divide 75335614?
False
Does 776 divide 31185888?
True
Is 563 a factor of 21578841?
False
Is 389 a factor of 93864533?
True
Does 7 divide 41640282?
False
Is 17118376 a multiple of 5?
False
Is 5068 a factor of 1068177292?
True
Is 329370935 a multiple of 285?
False
Is 165 a factor of 311329260?
True
Does 4982 divide 2544307400?
True
Is 64 a factor of 1219207488?
True
Is 1141316244 a multiple of 114?
True
Does 2370 divide 570831090?
True
Is 67 a factor of 109729920?
True
Is 360 a factor of 45749637?
False
Is 13857486 a multiple of 586?
False
Is 2086820412 a multiple of 209?
False
Is 42 a factor of 33549012?
True
Is 412 a factor of 47726975?
False
Is 5802329568 a multiple of 12?
True
Does 715 divide 9632145?
False
Is 85 a factor of 1949985?
True
Does 3777 divide 541733473?
False
Is 2177113625 a multiple of 36?
False
Does 1207 divide 46130113?
False
Is 13705288 a multiple of 712?
True
Is 593 a factor of 8183993?
True
Is 794 a factor of 15558929?
False
Is 2 a factor of 27123350?
True
Does 12 divide 112710984?
True
Does 129 divide 2083024146?
True
Is 62 a factor of 4695949?
False
Does 8 divide 295698640?
True
Does 1360 divide 737270960?
True
Does 145 divide 1130105722?
False
Is 9045717 a multiple of 16?
False
Does 323 divide 8517833?
True
Does 1466 divide 726171372?
True
Is 1879093635 a multiple of 57?
True
Is 5047674 a multiple of 2911?
True
Does 1379 divide 259828422?
True
Is 1840930077 a multiple of 154?
False
Is 15 a factor of 51610592?
False
Does 4559 divide 54393429?
True
Is 4 a factor of 72555792?
True
Is 420 a factor of 24169740?
True
Is 13076 a factor of 3984361808?
True
Does 5326 divide 1297154424?
False
Is 51477471 a multiple of 681?
True
Is 186 a factor of 346243165?
False
Does 120 divide 65534177?
False
Is 2133 a factor of 1079789658?
False
Does 49 divide 26423201?
True
Is 44 a factor of 2146059550?
False
Is 6 a factor of 57462021?
False
Is 2807 a factor of 434139041?
True
Is 1431635352 a multiple of 8967?
True
Does 162 divide 2045469996?
True
Is 483589971 a multiple of 1761?
True
Is 31 a factor of 1960413077?
False
Does 1851 divide 53978862?
True
Is 13 a factor of 3597997?
True
Does 18 divide 1246703850?
True
Is 54 a factor of 129744180?
True
Does 344 divide 636863593?
False
Is 260625809 a multiple of 134?
False
Is 1409915730 a multiple of 10?
True
Is 1521847639 a multiple of 13?
True
Is 1651202 a multiple of 686?
True
Is 110 a factor of 31709463?
False
Is 177300576 a multiple of 1359?
True
Is 335 a factor of 42596590?
True
Is 475 a factor of 143269609?
False
Does 83 divide 43249640?
True
Is 2930048125 a multiple of 5032?
False
Is 276 a factor of 5681902?
False
Is 818429105 a multiple of 2795?
True
Is 235 a factor of 114997250?
True
Is 806 a factor of 303131764?
True
Is 19 a factor of 53147351?
True
Is 218267708 a multiple of 101?
False
Is 166 a factor of 40594642?
False
Is 3 a factor of 575904360?
True
Is 65 a factor of 2469935?
True
Is 82669215 a multiple of 365?
True
Is 6 a factor of 17416650?
True
Is 1161996688 a multiple of 2859?
False
Is 77 a factor of 1217093801?
True
Is 19 a factor of 2842388353?
True
Does 287 divide 382528707?
False
Is 643 a factor of 30100116?
True
Is 203 a factor of 50600077?
False
Is 55 a factor of 617230492?
False
Does 13601 divide 1709713705?
True
Is 22949556 a multiple of 28?
True
Does 26 divide 535371642?
True
Is 93 a factor of 266570473?
False
Is 703553174 a multiple of 42?
False
Is 253584896 a multiple of 8?
True
Does 25 divide 1950620?
False
Does 10 divide 132266325?
False
Is 16280634 a multiple of 894?
True
Does 612 divide 2186292276?
True
Is 23 a factor of 10547473?
False
Is 987 a factor of 133188741?
True
Is 8 a factor of 195571908?
False
Is 4204 a factor of 3290447959?
False
Is 17740039 a multiple of 38?
False
Is 19 a factor of 84856527?
True
Is 14847 a factor of 4217296695?
False
Does 558 divide 131105318?
False
Does 55 divide 246657787?
False
Is 61804280 a multiple of 4?
True
Does 8 divide 1607084498?
False
Is 169318600 a multiple of 88?
True
Is 11 a factor of 196409969?
False
Is 151 a factor of 8744259?
True
Is 251783907 a multiple of 951?
True
Is 1286054006 a multiple of 340?
False
Is 14 a factor of 734361888?
False
Does 764 divide 2646787?
False
Is 39 a factor of 14742859?
False
Is 110 a factor of 268665100?
True
Is 87622182 a multiple of 527?
True
Does 73 divide 4105788786?
True
Is 28594800 a multiple of 1521?
True
Is 78947567 a multiple of 4937?
True
Is 250961301 a multiple of 9?
True
Is 309701002 a multiple of 442?
True
Is 686 a factor of 267294412?
True
Does 51 divide 284773490?
False
Is 79441022 a multiple of 739?
True
Is 81948259 a multiple of 9?
False
Does 53 divide 22979002?
False
Is 37 a factor of 30549938?
True
Does 284 divide 242512085?
False
Is 1235 a factor of 677606215?
True
Is 11 a factor of 29773972?
False
Is 6722452 a multiple of 11?
True
Is 270 a factor of 83430810?
True
Is 3946340755 a multiple of 95?
True
Does 18 divide 5078676389?
False
Is 97 a factor of 13008131?
False
Is 69 a factor of 21492070?
False
Does 18 divide 81425952?
True
Is 109987070 a multiple of 2774?
False
Is 10541188 a multiple of 478?
False
Does 223 divide 2869656?
False
Is 724 a factor of 365133840?
False
Is 9523986 even?
True
Does 161 divide 510061685?
True
Is 9 a factor of 3118956498?
True
Is 23 a factor of 194183595?
True
Is 377836211 a multiple of 433?
False
Is 1111449310 a multiple of 103?
True
Is 3433256047 a multiple of 611?
True
Is 700196 a multiple of 138?
False
Does 222 divide 1506177870?
True
Does 169 divide 3087186?
False
Is 1186084340 a multiple of 19?
False
Does 2 divide 41683?
False
Is 231552 even?
True
Is 11732 a factor of 3424418284?
True
Does 438 divide 67674793?
False
Does 16 divide 25625088?
True
Is 443 a factor of 1075366736?
False
Is 4066497 a multiple of 6?
False
Does 804 divide 21903270?
False
Is 272988560 a multiple of 10?
True
Is 2206 a factor of 1368889180?
True
Is 28 a factor of 630524356?
True
Is 204947224 a multiple of 674?
True
Is 68 a factor of 351733468?
True
Is 20205685 a multiple of 32?
False
Does 1691 divide 6140021?
True
Is 10 a factor of 254411985?
False
Is 399172067 a multiple of 126?
False
Is 404 a factor of 150644350?
False
Does 921 divide 17813061?
True
Does 3062 divide 101049062?
True
Is 23857088 a multiple of 399?
False
Is 139238216 a multiple of 1080?
False
Is 317 a factor of 110667961?
False
Is 25052790 a multiple of 184?
False
Does 63 divide 73374084?
True
Does 1312 divide 45294176?
True
Is 44922284 a multiple of 4?
True
Is 115350600 a multiple of 300?
True
Is 3 a factor of 67950728?
False
Does 6 divide 12302066?
False
Does 695 divide 61303422?
False
Is 2267 a factor of 1400387109?
True
Is 39884625 even?
False
Does 1744 divide 11320304?
True
Is 3339545425 a multiple of 92?
False
Is 70347901 a multiple of 235?
False
Does 23 divide 4930355?
False
Is 68359505 a multiple of 851?
False
Does 37 divide 38770302?
True
Is 145935313 a multiple of 250?
False
Does 2 divide 5475532?
True
Does 42 divide 3728465?
False
Does 24 divide 94589016?
True
Is 1161089064 a multiple of 168?
False
Is 41468461 a multiple of 2495?
False
Is 21284914 a multiple of 209?
False
Is 5689510 a multiple of 667?
True
Is 1537062810 a multiple of 6?
True
Is 19300780 a multiple of 289?
False
Is 21344330 a multiple of 14?
True
Does 5 divide 6613730?
True
Is 234387282 a multiple of 9?
False
Is 1193 a factor of 24351516?
True
Is 262920815 a multiple of 365?
True